d by f?
10
Suppose 0 = 5*g + 4*b - 79, -4*g + b + 2 + 78 = 0. Calculate the remainder when 75 is divided by g.
18
Suppose 18*u - 1 = 17*u. Calculate the remainder when u is divided by (1/(-1))/(-1*1).
0
Let t(h) = h**3 - h - 2. Let u be t(2). Suppose 0 = 4*n + 8 + 4, u*n = 2*b - 84. Calculate the remainder when b is divided by 19.
17
Suppose -170*a + 50 = -165*a. What is the remainder when 48 is divided by a?
8
Let t(w) = -w - 2. What is the remainder when ((-1)/8)/(1/(-14))*4 is divided by t(-6)?
3
Let g = 18 + -2. Calculate the remainder when 43 is divided by g.
11
Let m = 32 - 15. Suppose -2*a + 8 = 3*w - w, -5*a = -3*w - 60. Calculate the remainder when m is divided by a.
8
Let y = 91 - 11. What is the remainder when y is divided by 21?
17
Suppose -s - 6*s - 28 = 0. What is the remainder when (11/s)/((-11)/88) is divided by 12?
10
Calculate the remainder when 2/(-3) + (-355)/(-15) is divided by 13.
10
Suppose 3*d + 126 = -4*d. What is the remainder when (-426)/d + 4/(-6) is divided by 13?
10
Let r = 30 - 20. Suppose 8*h = 6*h + 6. Suppose 16 = h*b + 4. Calculate the remainder when r is divided by b.
2
Let k = 0 - 0. Let h be k*((-10)/4)/(-5). Suppose -3*x + 0*x - 3 = h, 2*m = 5*x + 73. Calculate the remainder when m is divided by 18.
16
Let n(l) = 1 + l**3 - 5*l - 3*l**2 - 4 - 4. Suppose 10*c - 5*c - 50 = 0. Calculate the remainder when n(5) is divided by c.
8
Let a = 8 + -15. What is the remainder when (-86)/(-8) - (-1)/4 is divided by a/(-3)*(3 + 0)?
4
Let p be ((-6)/10)/((-1)/5). What is the remainder when 8 is divided by 1 - (p/(-3) - 1)?
2
Let q(s) = s. Let p be q(-4). Let o = p - -1. What is the remainder when ((-18)/(-12))/(o/(-64)) is divided by 17?
15
Let k = -46 - -53. What is the remainder when 41 is divided by k?
6
Let j be (-1)/3 + (-94)/(-3). Suppose 0 = -n + 3*s + j, s = n - 29 - 10. Calculate the remainder when n is divided by 22.
21
Suppose 0 = 5*q + 5*n + 15, 2*q = 5*q - 4*n + 37. Let o(b) = -b**3 - 7*b**2 + 7. Calculate the remainder when 19 is divided by o(q).
5
Suppose -2*g + 72 = g. Suppose -188 = -4*o - g. What is the remainder when o is divided by 14?
13
Suppose -2*g - a + 3*a = -30, -4*a + 15 = g. Calculate the remainder when 58 is divided by g.
13
Suppose -u + 0*u + 15 = 0. Let n = -7 - -65. What is the remainder when n is divided by u?
13
Suppose -4*n - 4*r = -64, 5*n - 83 = -2*r - 0*r. What is the remainder when n is divided by 10?
7
Suppose -20*b + 21*b = 48. What is the remainder when 93 is divided by b?
45
Suppose 0*w + 27 = 3*w. Calculate the remainder when w is divided by 2688/840 + 1/(-5) + 0.
0
Suppose 5*h + 3*x - 79 = 0, -3*h + 0*h = 2*x - 47. Calculate the remainder when h is divided by 3.
2
Let t(a) = 11*a**2 + a. Calculate the remainder when 35 is divided by t(1).
11
Suppose -g - 48 = -5*g. Calculate the remainder when 34 is divided by g.
10
Suppose 5 = v - 0. Suppose 5*c - c = v*b - 360, 5*b - 400 = -4*c. Suppose f - n - 18 = 0, -3*f = n - b + 26. What is the remainder when f is divided by 9?
8
Suppose -3*f = -3*s - 60, -s = -3*f + 21 + 31. Let h = 0 - -9. What is the remainder when f is divided by h?
7
Suppose -10*b + 273 = -147. What is the remainder when b is divided by 15?
12
Let o(k) = k - 1. Let w(b) = b**3 - 10*b**2 + 9*b + 9. Let v be w(9). Calculate the remainder when 22 is divided by o(v).
6
Let b(h) = h**2 + 4*h - 13. What is the remainder when b(3) is divided by 5?
3
Suppose 42 = -5*y - 13. Let q = -7 - y. Suppose -n - q = -7, 34 = 4*c - 2*n. Calculate the remainder when c is divided by 6.
4
Suppose -3*p - 3*c = -111, 4*p + 5*c = 136 + 14. Suppose -5*v + 5*z = p, v - 5 = -3*z - 0. Calculate the remainder when 6 is divided by 2 - (v + 0 - -2).
2
Let o(v) = v**2 + 8*v + 8. Let m be o(-9). Let g = -11 + m. What is the remainder when g is divided by 52/14 - (-2)/7?
2
Suppose -5 = -2*d + 1. Let i = 34 - 52. What is the remainder when (-7)/(28/i)*2 is divided by d?
0
Let z(j) = 2*j + 8. Calculate the remainder when z(5) is divided by 7.
4
Let w = -5 - -12. Suppose 0 = g - 4*i - 0*i - 16, w = g - i. Let n(k) = k**2 - 2. Calculate the remainder when 26 is divided by n(g).
12
Let q = 1 - -1. Suppose -2*u = q*u - 8. Suppose -a + 6 = -u*s + 3*s, 3*s + 2*a = 16. What is the remainder when 6 is divided by s?
2
Suppose c + 0*c + 92 = 2*v, -4*v - 2*c + 176 = 0. Calculate the remainder when v is divided by 23.
22
Suppose -4*w + 3*w + 3 = 0. Suppose -3*d - 10 = 2*k - 4*k, d = k - 4. Calculate the remainder when w is divided by k.
1
Calculate the remainder when 33 is divided by (-3)/9 + (-28)/(-3).
6
Let i(r) = 4*r + 21. Calculate the remainder when i(17) is divided by 46.
43
Let o(f) = -2*f - 1. What is the remainder when 11 is divided by o(-2)?
2
Suppose 8 = 2*g - 0. Suppose 0 = y - 0*y - g. What is the remainder when 9 is divided by y?
1
Let a(l) = l - 1. Let g be a(6). Suppose -g*o + 8*o = 18. What is the remainder when 15 is divided by o?
3
Let u be 42/10 + (-4)/20. Suppose -l - 3*a + 2 + 8 = 0, -4*l + u*a = 40. What is the remainder when (-1 - -2) + (-170)/l is divided by 12?
11
Let t(a) = 2*a - 5. What is the remainder when (-40)/(-15)*6/4 is divided by t(4)?
1
Let n be (-2)/(-5) + 16/10. Suppose -10 - 20 = -2*r - 2*u, -n*r + 55 = -3*u. What is the remainder when r is divided by 11?
9
Suppose 0 = 22*x - 17*x - 90. Calculate the remainder when x is divided by 10.
8
Let g(o) = -o + 2. Let l be g(10). Let t = 8 + l. Suppose t = k - 1 - 20. Calculate the remainder when 62 is divided by k.
20
Let l = -2 + 6. Suppose 207 = -4*c + 3*o - 52, -l*o = -c - 81. Let s = -40 - c. What is the remainder when s is divided by 8?
5
Suppose 3*u = 3*f - 123, f + 3 = -u + 48. Suppose v = 6*v + 5*d - 40, -3*v - 5*d + 18 = 0. Calculate the remainder when f is divided by v.
10
Let f = 18 - 16. Suppose 2*d = -4*p + f, 4*d + p + 19 = 58. Calculate the remainder when 52 is divided by d.
8
Let l(i) = -4*i**3 - 3*i**2 + 4*i + 4. Let g = -157 - -182. Calculate the remainder when l(-3) is divided by g.
23
Let w(h) = 4*h - 8. Let i(o) = o**3 + 14*o**2 + 7*o - 32. What is the remainder when i(-13) is divided by w(6)?
14
Let o(j) = j**2 + 18. Let c(q) = q**3 - 13*q**2 + 13*q - 2. What is the remainder when o(0) is divided by c(12)?
8
Let q = 9 - 6. Calculate the remainder when 8 is divided by q.
2
Suppose 3*s = -10 + 25. Let w(f) = f**2 + 6*f - 2. Let u be w(-7). Suppose -u*z - 3*t = -78, -3*z - z - t = -68. Calculate the remainder when z is divided by s.
3
Let p(c) = -4*c**3 + 1. Let f be p(1). What is the remainder when (-1 + -1)/(f/48) is divided by (0 - 4) + (-378)/(-18)?
15
Suppose 44 = 4*u - 2*u. Calculate the remainder when -4 + 4 - (-43 - 0) is divided by u.
21
Let k(x) = x**3 - 7*x**2 + 6*x + 12. What is the remainder when 35 is divided by k(6)?
11
Let n be ((-6)/4)/(2/(-48)). Let s = 65 - n. Suppose -8 = 2*r - 38. Calculate the remainder when s is divided by r.
14
Suppose 2*t + x = 3*x + 84, 5*t + 5*x = 170. Let c = 68 - t. Calculate the remainder when c is divided by 8.
6
Suppose 6*i = 3*i + 69. Suppose -3*h - 2*m = -12 - i, 2*m + 10 = 0. Calculate the remainder when 204/h - 6/(-15) is divided by 8.
6
Suppose 2*z + 96 = 4*z. Suppose 0 = 8*a - 11*a + 81. Suppose -z - a = -5*u. Calculate the remainder when 28 is divided by u.
13
Suppose -5*n + 2*g + 53 = -47, 5*g = 25. What is the remainder when n is divided by 9?
4
Suppose d + 80 - 221 = -5*p, -2*p - 4*d = -42. What is the remainder when p is divided by 19?
10
Suppose 5*v + 3 - 93 = 0. Calculate the remainder when -3 - 1/((-1)/73) is divided by v.
16
Let k(p) = p**2 - 2*p - 1. Let r be k(-1). Calculate the remainder when 34 is divided by 8*(r + 1/(-2)).
10
Suppose -5*q + 6*q = 0. Suppose 2 = -3*c - 4*y, q*c - 9 = c + 3*y. What is the remainder when 10 is divided by c?
4
Suppose -2*g + 86 = -0*g - 2*k, -9 = -3*k. Suppose -g = -4*h + 2*h. What is the remainder when h is divided by 8?
7
Let k(z) = -z**2 + 5*z + 8. Calculate the remainder when (-1 + 0)/(((-4)/8)/1) is divided by k(6).
0
Suppose -5*r = -5*k + k + 65, -4*r = 2*k. Calculate the remainder when 24 is divided by k.
4
Let u = -9 - -11. Suppose -4*m + u = -3*m. Calculate the remainder when 3 is divided by m.
1
Suppose 5*y + 48 = 7*y. Calculate the remainder when 41 is divided by y.
17
Let c(i) = 9*i + 7. Let n be 